, 79
List the prime factors of 17958.
2, 3, 41, 73
List the prime factors of 3679.
13, 283
List the prime factors of 5789.
7, 827
List the prime factors of 32151.
3, 7, 1531
What are the prime factors of 17165?
5, 3433
List the prime factors of 13166.
2, 29, 227
List the prime factors of 87709.
139, 631
List the prime factors of 60642.
2, 3, 1123
What are the prime factors of 57216?
2, 3, 149
What are the prime factors of 29187?
3, 23, 47
What are the prime factors of 13474?
2, 6737
List the prime factors of 40432.
2, 7, 19
What are the prime factors of 12464?
2, 19, 41
What are the prime factors of 5307?
3, 29, 61
List the prime factors of 1478.
2, 739
List the prime factors of 42207.
3, 11, 1279
What are the prime factors of 25183?
25183
List the prime factors of 7513.
11, 683
What are the prime factors of 1286?
2, 643
List the prime factors of 1389.
3, 463
List the prime factors of 42063.
3, 7, 2003
List the prime factors of 7528.
2, 941
What are the prime factors of 1529?
11, 139
What are the prime factors of 829?
829
List the prime factors of 12485.
5, 11, 227
What are the prime factors of 847?
7, 11
List the prime factors of 7587.
3, 281
List the prime factors of 7046.
2, 13, 271
List the prime factors of 9360.
2, 3, 5, 13
What are the prime factors of 89986?
2, 13, 3461
What are the prime factors of 8941?
8941
List the prime factors of 1687.
7, 241
List the prime factors of 5569.
5569
List the prime factors of 4675.
5, 11, 17
List the prime factors of 16034.
2, 8017
What are the prime factors of 3541?
3541
List the prime factors of 33716.
2, 8429
List the prime factors of 39184.
2, 31, 79
List the prime factors of 4857.
3, 1619
What are the prime factors of 20551?
20551
What are the prime factors of 622?
2, 311
List the prime factors of 10466.
2, 5233
List the prime factors of 573.
3, 191
What are the prime factors of 1063?
1063
What are the prime factors of 741?
3, 13, 19
What are the prime factors of 2017?
2017
What are the prime factors of 44857?
31, 1447
What are the prime factors of 13232?
2, 827
What are the prime factors of 92090?
2, 5, 9209
What are the prime factors of 4191?
3, 11, 127
What are the prime factors of 17279?
37, 467
What are the prime factors of 61709?
23, 2683
List the prime factors of 120029.
7, 13, 1319
What are the prime factors of 582?
2, 3, 97
What are the prime factors of 584?
2, 73
List the prime factors of 2591.
2591
What are the prime factors of 27681?
3, 9227
What are the prime factors of 83?
83
List the prime factors of 2289.
3, 7, 109
List the prime factors of 18469.
11, 23, 73
What are the prime factors of 177728?
2, 2777
What are the prime factors of 166?
2, 83
List the prime factors of 884.
2, 13, 17
List the prime factors of 18444.
2, 3, 29, 53
What are the prime factors of 1081?
23, 47
List the prime factors of 684.
2, 3, 19
What are the prime factors of 17262?
2, 3, 7, 137
What are the prime factors of 2875?
5, 23
List the prime factors of 1467.
3, 163
What are the prime factors of 19636?
2, 4909
List the prime factors of 612.
2, 3, 17
List the prime factors of 39236.
2, 17, 577
List the prime factors of 8682.
2, 3, 1447
What are the prime factors of 566?
2, 283
List the prime factors of 55978.
2, 13, 2153
List the prime factors of 525.
3, 5, 7
What are the prime factors of 951?
3, 317
List the prime factors of 1613.
1613
List the prime factors of 925.
5, 37
List the prime factors of 67821.
3, 13, 37, 47
List the prime factors of 686.
2, 7
List the prime factors of 2430.
2, 3, 5
List the prime factors of 173310.
2, 3, 5, 53, 109
What are the prime factors of 23852?
2, 67, 89
List the prime factors of 3335.
5, 23, 29
What are the prime factors of 25291?
7, 3613
List the prime factors of 26739.
3, 2971
What are the prime factors of 1242?
2, 3, 23
What are the prime factors of 2675?
5, 107
What are the prime factors of 36292?
2, 43, 211
What are the prime factors of 21050?
2, 5, 421
What are the prime factors of 2750?
2, 5, 11
List the prime factors of 664.
2, 83
What are the prime factors of 216?
2, 3
List the prime factors of 84459.
3, 47, 599
List the prime factors of 32551.
43, 757
What are the prime factors of 1243?
11, 113
What are the prime factors of 59933?
73, 821
What are the prime factors of 1489?
1489
List the prime factors of 6383.
13, 491
List the prime factors of 107785.
5, 21557
List the prime factors of 374.
2, 11, 17
What are the prime factors of 1974?
2, 3, 7, 47
List the prime factors of 3939.
3, 13, 101
What are the prime factors of 6424?
2, 11, 73
List the prime factors of 2570.
2, 5, 257
What are the prime factors of 42925?
5, 17, 101
List the prime factors of 1712.
2, 107
List the prime factors of 380.
2, 5, 19
List the prime factors of 7267.
13, 43
What are the prime factors of 82343?
67, 1229
List the prime factors of 8435.
5, 7, 241
List the prime factors of 3348.
2, 3, 31
What are the prime factors of 6525?
3, 5, 29
What are the prime factors of 17317?
17317
What are the prime factors of 87187?
87187
List the prime factors of 45890.
2, 5, 13, 353
List the prime factors of 3360.
2, 3, 5, 7
What are the prime factors of 766?
2, 383
List the prime factors of 2887.
2887
List the prime factors of 11076.
2, 3, 13, 71
What are the prime factors of 2329?
17, 137
List the prime factors of 7833.
3, 7, 373
List the prime factors of 56299.
56299
List the prime factors of 3377.
11, 307
What are the prime factors of 18113?
59, 307
List the prime factors of 1675.
5, 67
List the prime factors of 15938.
2, 13, 613
List the prime factors of 19106.
2, 41, 233
List the prime factors of 13489.
7, 41, 47
List the prime factors of 690.
2, 3, 5, 23
List the prime factors of 809.
809
What are the prime factors of 7804?
2, 1951
What are the prime factors of 3854?
2, 41, 47
List the prime factors of 8912.
2, 557
List the prime factors of 60994.
2, 30497
List the prime factors of 79702.
2, 7, 5693
List the prime factors of 3049.
3049
List the prime factors of 14810.
2, 5, 1481
List the prime factors of 2754.
2, 3, 17
List the prime factors of 613.
613
What are the prime factors of 14551?
14551
List the prime factors of 34817.
37, 941
What are the prime factors of 7870?
2, 5, 787
What are the prime factors of 17674?
2, 8837
List the prime factors of 887.
887
What are the prime factors of 9604?
2, 7
What are the prime factors of 7579?
11, 13, 53
What are the prime factors of 1337?
7, 191
What are the prime factors of 6062?
2, 7, 433
What are the prime factors of 162869?
7, 53, 439
List the prime factors of 1937.
13, 149
List the prime factors of 30648.
2, 3, 1277
List the prime factors of 1098.
2, 3, 61
What are the prime factors of 109?
109
List the prime factors of 1189.
29, 41
What are the prime factors of 38839?
38839
What are the prime factors of 64864?
2, 2027
What are the prime factors of 655?
5, 131
What are the prime factors of 6243?
3, 2081
List the prime factors of 5831.
7, 17
What are the prime factors of 10890?
2, 3, 5, 11
What are the prime factors of 158?
2, 79
List the prime factors of 17452.
2, 4363
What are the prime factors of 61833?
3, 20611
What are the prime factors of 729?
3
List the prime factors of 453.
3, 151
What are the prime factors of 136776?
2, 3, 41, 139
What are the prime factors of 66469?
13, 5113
What are the prime factors of 6267?
3, 2089
What are the prime factors of 18922?
2, 9461
What are the prime factors of 5476?
2, 37
List the prime factors of 369.
3, 41
List the prime factors of 3030.
2, 3, 5, 101
List the prime factors of 182.
2, 7, 13
List the prime factors of 2851.
2851
List the prime factors of 97038.
2, 3, 599
What are the prime factors of 13926?
2, 3, 11, 211
What are the prime factors of 91448?
2, 7, 23, 71
What are the prime factors of 12072?
2, 3, 503
List the prime factors of 6192.
2, 3, 43
What are the prime factors of 93?
3, 31
List the prime factors of 173959.
73, 2383
What are the prime factors of 416?
2, 13
What are the prime factors of 133638?
2, 3, 22273
What are the prime factors of 34410?
2, 3, 5, 31, 37
What are the prime factors of 12385?
5, 2477
What are the prime factors of 4830?
2, 3, 5, 7, 23
What are the prime factors of 8464?
2, 23
List the prime factors of 38739.
3, 37, 349
List the prime factors of 84874.
2, 42437
List the p